{"version":"1.0","provider_name":"Aspasim","provider_url":"https:\/\/aspasim.es\/es","title":"Hogares - Aspasim","type":"rich","width":600,"height":338,"html":"<blockquote class=\"wp-embedded-content\" data-secret=\"hvNHrVh4PO\"><a href=\"https:\/\/aspasim.es\/es\/servicios\/hogares\">Hogares<\/a><\/blockquote><iframe sandbox=\"allow-scripts\" security=\"restricted\" src=\"https:\/\/aspasim.es\/es\/servicios\/hogares\/embed#?secret=hvNHrVh4PO\" width=\"600\" height=\"338\" title=\"\u00abHogares\u00bb \u2014 Aspasim\" data-secret=\"hvNHrVh4PO\" frameborder=\"0\" marginwidth=\"0\" marginheight=\"0\" scrolling=\"no\" class=\"wp-embedded-content\"><\/iframe><script>\n\/*! This file is auto-generated *\/\n!function(d,l){\"use strict\";l.querySelector&&d.addEventListener&&\"undefined\"!=typeof URL&&(d.wp=d.wp||{},d.wp.receiveEmbedMessage||(d.wp.receiveEmbedMessage=function(e){var t=e.data;if((t||t.secret||t.message||t.value)&&!\/[^a-zA-Z0-9]\/.test(t.secret)){for(var s,r,n,a=l.querySelectorAll('iframe[data-secret=\"'+t.secret+'\"]'),o=l.querySelectorAll('blockquote[data-secret=\"'+t.secret+'\"]'),c=new RegExp(\"^https?:$\",\"i\"),i=0;i<o.length;i++)o[i].style.display=\"none\";for(i=0;i<a.length;i++)s=a[i],e.source===s.contentWindow&&(s.removeAttribute(\"style\"),\"height\"===t.message?(1e3<(r=parseInt(t.value,10))?r=1e3:~~r<200&&(r=200),s.height=r):\"link\"===t.message&&(r=new URL(s.getAttribute(\"src\")),n=new URL(t.value),c.test(n.protocol))&&n.host===r.host&&l.activeElement===s&&(d.top.location.href=t.value))}},d.addEventListener(\"message\",d.wp.receiveEmbedMessage,!1),l.addEventListener(\"DOMContentLoaded\",function(){for(var e,t,s=l.querySelectorAll(\"iframe.wp-embedded-content\"),r=0;r<s.length;r++)(t=(e=s[r]).getAttribute(\"data-secret\"))||(t=Math.random().toString(36).substring(2,12),e.src+=\"#?secret=\"+t,e.setAttribute(\"data-secret\",t)),e.contentWindow.postMessage({message:\"ready\",secret:t},\"*\")},!1)))}(window,document);\n\/\/# sourceURL=https:\/\/aspasim.es\/wp-includes\/js\/wp-embed.min.js\n<\/script>\n","thumbnail_url":"https:\/\/aspasim.es\/wp-content\/uploads\/2020\/07\/llars.jpg","thumbnail_width":1024,"thumbnail_height":285,"description":"[vc_row][vc_column][vc_empty_space][\/vc_column][\/vc_row][vc_row][vc_column width=&#8221;1\/6&#8243;][\/vc_column][vc_column width=&#8221;2\/3&#8243;][vc_column_text] La Fundaci\u00f3n Aspasim dispone de diez pisos en diferentes barrios de Barcelona donde conviven entre 4 y 10 personas con discapacidad intelectual grave. [\/vc_column_text][\/vc_column][vc_column width=&#8221;1\/6&#8243;][\/vc_column][\/vc_row][vc_row][vc_column][vc_empty_space][\/vc_column][\/vc_row][vc_row][vc_column width=&#8221;1\/6&#8243;][\/vc_column][vc_column width=&#8221;2\/3&#8243;][vc_column_text]Pisos familiars on les persones que atenem desenvolupen els seus projectes vitals d\u2019una manera tan aut\u00f2noma i en xarxa amb la comunitat com sigui possible, amb l\u2019acompanyament de professionals durant les 24 hores del dia. Baixar a comprar el pa, celebrar els aniversaris, rebre una visita inesperada, sortir a passejar pel barri, anar a la tarda al circ, a veure un espectacle de m\u00fasica o de dansa&#8230;, els vespres a un concert, a les assemblees de seguiment&#8230; Un intens dia a dia compartit.[\/vc_column_text][vc_column_text]&#8211; Chincheta. Villa Ol\u00edmpica. Viven once ni\u00f1os de entre 1 y 10 a\u00f1os con discapacidad superior al 70%.[\/vc_column_text][vc_column_text]&#8211; La Pu\u00e7a. Barrio G\u00f3tico. Viven nueve ni\u00f1os de m\u00e1s de 10 a\u00f1os con discapacidad intelectual grave.[\/vc_column_text][vc_column_text]&#8211; El Nino.\u00a0Las Corts. Viven seis j\u00f3venes con afectaciones f\u00edsicas, ps\u00edquicas, y plurisensoriales, y con trastorno de conducta.[\/vc_column_text][vc_column_text]&#8211; La Baldufa.\u00a0Las Corts. Viven seis j\u00f3venes con afectaciones f\u00edsicas, ps\u00edquicas, y plurisensoriales, y con trastorno de conducta.[\/vc_column_text][vc_column_text]&#8211; La Selva.\u00a0San Antonio. Viven siete j\u00f3venes con discapacidad intelectual grave.[\/vc_column_text][vc_column_text]&#8211; Empord\u00e1.\u00a0San Antonio. Viven siete j\u00f3venes con discapacidad intelectual grave.[\/vc_column_text][vc_column_text]&#8211; Sarri\u00e1. Sarri\u00e1. [&hellip;]"}

[vc_row][vc_column][vc_empty_space][/vc_column][/vc_row][vc_row][vc_column width=&#8221;1/6&#8243;][/vc_column][vc_column width=&#8221;2/3&#8243;][vc_column_text] La Fundación Aspasim dispone de diez pisos en diferentes barrios de Barcelona donde conviven entre 4 y 10 personas con discapacidad intelectual grave. [/vc_column_text][/vc_column][vc_column width=&#8221;1/6&#8243;][/vc_column][/vc_row][vc_row][vc_column][vc_empty_space][/vc_column][/vc_row][vc_row][vc_column width=&#8221;1/6&#8243;][/vc_column][vc_column width=&#8221;2/3&#8243;][vc_column_text]Pisos familiars on les persones que atenem desenvolupen els seus projectes vitals d’una manera tan autònoma i en xarxa amb la comunitat com sigui possible, amb l’acompanyament de professionals durant les 24 hores del dia. Baixar a comprar el pa, celebrar els aniversaris, rebre una visita inesperada, sortir a passejar pel barri, anar a la tarda al circ, a veure un espectacle de música o de dansa&#8230;, els vespres a un concert, a les assemblees de seguiment&#8230; Un intens dia a dia compartit.[/vc_column_text][vc_column_text]&#8211; Chincheta. Villa Olímpica. Viven once niños de entre 1 y 10 años con discapacidad superior al 70%.[/vc_column_text][vc_column_text]&#8211; La Puça. Barrio Gótico. Viven nueve niños de más de 10 años con discapacidad intelectual grave.[/vc_column_text][vc_column_text]&#8211; El Nino. Las Corts. Viven seis jóvenes con afectaciones físicas, psíquicas, y plurisensoriales, y con trastorno de conducta.[/vc_column_text][vc_column_text]&#8211; La Baldufa. Las Corts. Viven seis jóvenes con afectaciones físicas, psíquicas, y plurisensoriales, y con trastorno de conducta.[/vc_column_text][vc_column_text]&#8211; La Selva. San Antonio. Viven siete jóvenes con discapacidad intelectual grave.[/vc_column_text][vc_column_text]&#8211; Empordá. San Antonio. Viven siete jóvenes con discapacidad intelectual grave.[/vc_column_text][vc_column_text]&#8211; Sarriá. Sarriá. [&hellip;]
