{"version":"1.0","provider_name":"Aspasim","provider_url":"https:\/\/aspasim.es\/es","title":"Fundaci\u00f3 GuardiolaSala - Aspasim","type":"rich","width":600,"height":338,"html":"<blockquote class=\"wp-embedded-content\" data-secret=\"oeM3RCts0B\"><a href=\"https:\/\/aspasim.es\/es\/fundacio-guardiolasala\">Fundaci\u00f3 GuardiolaSala<\/a><\/blockquote><iframe sandbox=\"allow-scripts\" security=\"restricted\" src=\"https:\/\/aspasim.es\/es\/fundacio-guardiolasala\/embed#?secret=oeM3RCts0B\" width=\"600\" height=\"338\" title=\"\u00abFundaci\u00f3 GuardiolaSala\u00bb \u2014 Aspasim\" data-secret=\"oeM3RCts0B\" frameborder=\"0\" marginwidth=\"0\" marginheight=\"0\" scrolling=\"no\" class=\"wp-embedded-content\"><\/iframe><script>\n\/*! This file is auto-generated *\/\n!function(d,l){\"use strict\";l.querySelector&&d.addEventListener&&\"undefined\"!=typeof URL&&(d.wp=d.wp||{},d.wp.receiveEmbedMessage||(d.wp.receiveEmbedMessage=function(e){var t=e.data;if((t||t.secret||t.message||t.value)&&!\/[^a-zA-Z0-9]\/.test(t.secret)){for(var s,r,n,a=l.querySelectorAll('iframe[data-secret=\"'+t.secret+'\"]'),o=l.querySelectorAll('blockquote[data-secret=\"'+t.secret+'\"]'),c=new RegExp(\"^https?:$\",\"i\"),i=0;i<o.length;i++)o[i].style.display=\"none\";for(i=0;i<a.length;i++)s=a[i],e.source===s.contentWindow&&(s.removeAttribute(\"style\"),\"height\"===t.message?(1e3<(r=parseInt(t.value,10))?r=1e3:~~r<200&&(r=200),s.height=r):\"link\"===t.message&&(r=new URL(s.getAttribute(\"src\")),n=new URL(t.value),c.test(n.protocol))&&n.host===r.host&&l.activeElement===s&&(d.top.location.href=t.value))}},d.addEventListener(\"message\",d.wp.receiveEmbedMessage,!1),l.addEventListener(\"DOMContentLoaded\",function(){for(var e,t,s=l.querySelectorAll(\"iframe.wp-embedded-content\"),r=0;r<s.length;r++)(t=(e=s[r]).getAttribute(\"data-secret\"))||(t=Math.random().toString(36).substring(2,12),e.src+=\"#?secret=\"+t,e.setAttribute(\"data-secret\",t)),e.contentWindow.postMessage({message:\"ready\",secret:t},\"*\")},!1)))}(window,document);\n\/\/# sourceURL=https:\/\/aspasim.es\/wp-includes\/js\/wp-embed.min.js\n<\/script>\n","thumbnail_url":"https:\/\/aspasim.es\/wp-content\/uploads\/2025\/01\/Imagen-de-WhatsApp-2025-01-17-a-las-13.55.24_ef88792d.jpg","thumbnail_width":1600,"thumbnail_height":1200,"description":"Hoy ASPASIM y la Fundaci\u00f3n GuardiolaSala hemos organizado conjuntamente un acto en la sede de Vallvidrera, en el que la Fundaci\u00f3n GuardiolaSala ha hecho entrega de un cheque por valor de 100.000\u20ac, que nos ayudar\u00e1 enormemente a sufragar los gastos necesarios para convertir nuestro piso &#8216;Pu\u00e7a&#8217; en un hogar seguro, digno y adaptado para los ni\u00f1os que m\u00e1s lo necesitan. Al acto han asistido los ni\u00f1os y el equipo de profesionales de &#8216;la Pu\u00e7a&#8217; y de ASPASIM. Hemos contado tambi\u00e9n con la presencia de Manel Fuentes, vecino y amigo de ASPASIM, que ha conducido el acto. Hemos contado tambi\u00e9n con la presencia de Laura Guerra, Francesca y Pere Guardiola de la Fundaci\u00f3n Guardiola-Sala, Marta Villanueva, concejala del Ayuntamiento de Barcelona, \u200b\u200brepresentantes de INCASOL, Carme Esquirol, directora de servicios territoriales de Barcelona, \u200b\u200bV\u00edctor Puga, secretario de terrorio de la Generalidad de Catalu\u00f1a y la participaci\u00f3n de la Consejera Silvia Paneque. Ahora estamos al borde de este proyecto. Saben que es necesaria una reforma grande, pero tambi\u00e9n sabemos que con la ayuda de todas vosotros lo podremos hacer posible, debemos transformar este local en un hogar lleno de vida. Por eso, hacemos un llamamiento a la comunidad, empresas e instituciones para que [&hellip;]"}

Fundació GuardiolaSala - Aspasim

<blockquote class="wp-embedded-content" data-secret="oeM3RCts0B"><a href="https://aspasim.es/es/fundacio-guardiolasala">Fundació GuardiolaSala</a></blockquote><iframe sandbox="allow-scripts" security="restricted" src="https://aspasim.es/es/fundacio-guardiolasala/embed#?secret=oeM3RCts0B" width="600" height="338" title="«Fundació GuardiolaSala» — Aspasim" data-secret="oeM3RCts0B" frameborder="0" marginwidth="0" marginheight="0" scrolling="no" class="wp-embedded-content"></iframe><script>
/*! This file is auto-generated */
!function(d,l){"use strict";l.querySelector&&d.addEventListener&&"undefined"!=typeof URL&&(d.wp=d.wp||{},d.wp.receiveEmbedMessage||(d.wp.receiveEmbedMessage=function(e){var t=e.data;if((t||t.secret||t.message||t.value)&&!/[^a-zA-Z0-9]/.test(t.secret)){for(var s,r,n,a=l.querySelectorAll('iframe[data-secret="'+t.secret+'"]'),o=l.querySelectorAll('blockquote[data-secret="'+t.secret+'"]'),c=new RegExp("^https?:$","i"),i=0;i<o.length;i++)o[i].style.display="none";for(i=0;i<a.length;i++)s=a[i],e.source===s.contentWindow&&(s.removeAttribute("style"),"height"===t.message?(1e3<(r=parseInt(t.value,10))?r=1e3:~~r<200&&(r=200),s.height=r):"link"===t.message&&(r=new URL(s.getAttribute("src")),n=new URL(t.value),c.test(n.protocol))&&n.host===r.host&&l.activeElement===s&&(d.top.location.href=t.value))}},d.addEventListener("message",d.wp.receiveEmbedMessage,!1),l.addEventListener("DOMContentLoaded",function(){for(var e,t,s=l.querySelectorAll("iframe.wp-embedded-content"),r=0;r<s.length;r++)(t=(e=s[r]).getAttribute("data-secret"))||(t=Math.random().toString(36).substring(2,12),e.src+="#?secret="+t,e.setAttribute("data-secret",t)),e.contentWindow.postMessage({message:"ready",secret:t},"*")},!1)))}(window,document);
//# sourceURL=https://aspasim.es/wp-includes/js/wp-embed.min.js
</script>

Hoy ASPASIM y la Fundación GuardiolaSala hemos organizado conjuntamente un acto en la sede de Vallvidrera, en el que la Fundación GuardiolaSala ha hecho entrega de un cheque por valor de 100.000€, que nos ayudará enormemente a sufragar los gastos necesarios para convertir nuestro piso &#8216;Puça&#8217; en un hogar seguro, digno y adaptado para los niños que más lo necesitan. Al acto han asistido los niños y el equipo de profesionales de &#8216;la Puça&#8217; y de ASPASIM. Hemos contado también con la presencia de Manel Fuentes, vecino y amigo de ASPASIM, que ha conducido el acto. Hemos contado también con la presencia de Laura Guerra, Francesca y Pere Guardiola de la Fundación Guardiola-Sala, Marta Villanueva, concejala del Ayuntamiento de Barcelona, ​​representantes de INCASOL, Carme Esquirol, directora de servicios territoriales de Barcelona, ​​Víctor Puga, secretario de terrorio de la Generalidad de Cataluña y la participación de la Consejera Silvia Paneque. Ahora estamos al borde de este proyecto. Saben que es necesaria una reforma grande, pero también sabemos que con la ayuda de todas vosotros lo podremos hacer posible, debemos transformar este local en un hogar lleno de vida. Por eso, hacemos un llamamiento a la comunidad, empresas e instituciones para que [&hellip;]
