{"version":"1.0","provider_name":"Aspasim","provider_url":"https:\/\/aspasim.es\/es","title":"Un huerto para todos - Aspasim","type":"rich","width":600,"height":338,"html":"<blockquote class=\"wp-embedded-content\" data-secret=\"G8utDG9BbE\"><a href=\"https:\/\/aspasim.es\/es\/comunidad\/un-huerto-para-todos\">Un huerto para todos<\/a><\/blockquote><iframe sandbox=\"allow-scripts\" security=\"restricted\" src=\"https:\/\/aspasim.es\/es\/comunidad\/un-huerto-para-todos\/embed#?secret=G8utDG9BbE\" width=\"600\" height=\"338\" title=\"\u00abUn huerto para todos\u00bb \u2014 Aspasim\" data-secret=\"G8utDG9BbE\" frameborder=\"0\" marginwidth=\"0\" marginheight=\"0\" scrolling=\"no\" class=\"wp-embedded-content\"><\/iframe><script>\n\/*! This file is auto-generated *\/\n!function(d,l){\"use strict\";l.querySelector&&d.addEventListener&&\"undefined\"!=typeof URL&&(d.wp=d.wp||{},d.wp.receiveEmbedMessage||(d.wp.receiveEmbedMessage=function(e){var t=e.data;if((t||t.secret||t.message||t.value)&&!\/[^a-zA-Z0-9]\/.test(t.secret)){for(var s,r,n,a=l.querySelectorAll('iframe[data-secret=\"'+t.secret+'\"]'),o=l.querySelectorAll('blockquote[data-secret=\"'+t.secret+'\"]'),c=new RegExp(\"^https?:$\",\"i\"),i=0;i<o.length;i++)o[i].style.display=\"none\";for(i=0;i<a.length;i++)s=a[i],e.source===s.contentWindow&&(s.removeAttribute(\"style\"),\"height\"===t.message?(1e3<(r=parseInt(t.value,10))?r=1e3:~~r<200&&(r=200),s.height=r):\"link\"===t.message&&(r=new URL(s.getAttribute(\"src\")),n=new URL(t.value),c.test(n.protocol))&&n.host===r.host&&l.activeElement===s&&(d.top.location.href=t.value))}},d.addEventListener(\"message\",d.wp.receiveEmbedMessage,!1),l.addEventListener(\"DOMContentLoaded\",function(){for(var e,t,s=l.querySelectorAll(\"iframe.wp-embedded-content\"),r=0;r<s.length;r++)(t=(e=s[r]).getAttribute(\"data-secret\"))||(t=Math.random().toString(36).substring(2,12),e.src+=\"#?secret=\"+t,e.setAttribute(\"data-secret\",t)),e.contentWindow.postMessage({message:\"ready\",secret:t},\"*\")},!1)))}(window,document);\n\/\/# sourceURL=https:\/\/aspasim.es\/wp-includes\/js\/wp-embed.min.js\n<\/script>\n","thumbnail_url":"https:\/\/aspasim.es\/wp-content\/uploads\/2022\/09\/banner_un_hort-2.jpg","thumbnail_width":1024,"thumbnail_height":285,"description":"[vc_row][vc_column width=&#8221;1\/6&#8243;][\/vc_column][vc_column width=&#8221;2\/3&#8243;][vc_empty_space][vc_column_text] &#8220;Un huerto para todos&#8221; es un espacio de inclusi\u00f3n a la inversa, de normalizaci\u00f3n, y de demostraci\u00f3n de que las personas con discapacidad son capaces de cuidar un huerto y de ense\u00f1ar c\u00f3mo funciona. [\/vc_column_text][\/vc_column][vc_column width=&#8221;1\/6&#8243;][\/vc_column][\/vc_row][vc_row][vc_column][vc_empty_space][\/vc_column][\/vc_row][vc_row][vc_column width=&#8221;1\/6&#8243;][\/vc_column][vc_column width=&#8221;2\/3&#8243;][vc_column_text]Este proyecto tiene un doble objetivo. Por un lado dar a las personas la autonom\u00eda de hacerse cargo del huero, en el marco de los Talleres Ocupacionales de Aspasim. Por otro lado convertir una aula al aire libre que, con la complicidad de las escuelas ordinarias, sea un espacio de aprendizaje para ni\u00f1os sobre el funcionamiento de un huerto ecol\u00f3gico.[\/vc_column_text][vc_empty_space height=&#8221;20px&#8221;][\/vc_column][vc_column width=&#8221;1\/6&#8243;][\/vc_column][\/vc_row][vc_row][vc_column width=&#8221;1\/6&#8243;][\/vc_column][vc_column width=&#8221;2\/3&#8243;][vc_empty_space height=&#8221;20px&#8221;][vc_gallery interval=&#8221;3&#8243; images=&#8221;27509,27514,27516,27518,27520,27522,27524&#8243; img_size=&#8221;large&#8221;][vc_column_text]El huerto, que se encuentra en Vallvidrera, fomenta un estilo de vida responsable con el medio ambiente y con la sociedad.[\/vc_column_text][\/vc_column][vc_column width=&#8221;1\/6&#8243;][\/vc_column][\/vc_row][vc_row][vc_column][vc_empty_space][\/vc_column][\/vc_row][vc_row full_width=&#8221;stretch_row&#8221; content_placement=&#8221;middle&#8221; css=&#8221;.vc_custom_1663240272470{padding-top: 50px !important;padding-bottom: 50px !important;background-color: #ff6600 !important;}&#8221;][vc_column][vc_row_inner][vc_column_inner width=&#8221;1\/6&#8243;][\/vc_column_inner][vc_column_inner width=&#8221;2\/3&#8243;][vc_video link=&#8221;https:\/\/www.youtube.com\/watch?v=12eFVUzAH5I&#8221; align=&#8221;center&#8221;][vc_empty_space height=&#8221;20px&#8221;][vc_column_text] En este v\u00eddeo os explicamos qu\u00e9 significa para nosotros esta iniciativa. [\/vc_column_text][\/vc_column_inner][vc_column_inner width=&#8221;1\/6&#8243;][\/vc_column_inner][\/vc_row_inner][\/vc_column][\/vc_row][vc_row full_width=&#8221;stretch_row&#8221; css=&#8221;.vc_custom_1600369147747{padding-top: 100px !important;padding-bottom: 50px !important;background-color: #eeeeee !important;}&#8221;][vc_column][vc_row_inner css=&#8221;.vc_custom_1596010940180{background-position: center !important;background-repeat: no-repeat !important;background-size: cover !important;}&#8221;][vc_column_inner width=&#8221;1\/4&#8243;][\/vc_column_inner][vc_column_inner width=&#8221;1\/2&#8243; css=&#8221;.vc_custom_1596010851005{background-position: center !important;background-repeat: no-repeat !important;background-size: cover !important;}&#8221;][vc_custom_heading text=&#8221;Conoce el d\u00eda a d\u00eda de la discapacidad&#8221; font_container=&#8221;tag:h2|text_align:center&#8221; use_theme_fonts=&#8221;yes&#8221; css_animation=&#8221;fadeIn&#8221;][vc_custom_heading text=&#8221;Estate al dia de Aspasim&#8221; font_container=&#8221;tag:h4|text_align:center&#8221; use_theme_fonts=&#8221;yes&#8221; css_animation=&#8221;fadeIn&#8221;][\/vc_column_inner][vc_column_inner width=&#8221;1\/4&#8243;][\/vc_column_inner][\/vc_row_inner][\/vc_column][\/vc_row][vc_row [&hellip;]"}

[vc_row][vc_column width=&#8221;1/6&#8243;][/vc_column][vc_column width=&#8221;2/3&#8243;][vc_empty_space][vc_column_text] &#8220;Un huerto para todos&#8221; es un espacio de inclusión a la inversa, de normalización, y de demostración de que las personas con discapacidad son capaces de cuidar un huerto y de enseñar cómo funciona. [/vc_column_text][/vc_column][vc_column width=&#8221;1/6&#8243;][/vc_column][/vc_row][vc_row][vc_column][vc_empty_space][/vc_column][/vc_row][vc_row][vc_column width=&#8221;1/6&#8243;][/vc_column][vc_column width=&#8221;2/3&#8243;][vc_column_text]Este proyecto tiene un doble objetivo. Por un lado dar a las personas la autonomía de hacerse cargo del huero, en el marco de los Talleres Ocupacionales de Aspasim. Por otro lado convertir una aula al aire libre que, con la complicidad de las escuelas ordinarias, sea un espacio de aprendizaje para niños sobre el funcionamiento de un huerto ecológico.[/vc_column_text][vc_empty_space height=&#8221;20px&#8221;][/vc_column][vc_column width=&#8221;1/6&#8243;][/vc_column][/vc_row][vc_row][vc_column width=&#8221;1/6&#8243;][/vc_column][vc_column width=&#8221;2/3&#8243;][vc_empty_space height=&#8221;20px&#8221;][vc_gallery interval=&#8221;3&#8243; images=&#8221;27509,27514,27516,27518,27520,27522,27524&#8243; img_size=&#8221;large&#8221;][vc_column_text]El huerto, que se encuentra en Vallvidrera, fomenta un estilo de vida responsable con el medio ambiente y con la sociedad.[/vc_column_text][/vc_column][vc_column width=&#8221;1/6&#8243;][/vc_column][/vc_row][vc_row][vc_column][vc_empty_space][/vc_column][/vc_row][vc_row full_width=&#8221;stretch_row&#8221; content_placement=&#8221;middle&#8221; css=&#8221;.vc_custom_1663240272470{padding-top: 50px !important;padding-bottom: 50px !important;background-color: #ff6600 !important;}&#8221;][vc_column][vc_row_inner][vc_column_inner width=&#8221;1/6&#8243;][/vc_column_inner][vc_column_inner width=&#8221;2/3&#8243;][vc_video link=&#8221;https://www.youtube.com/watch?v=12eFVUzAH5I&#8221; align=&#8221;center&#8221;][vc_empty_space height=&#8221;20px&#8221;][vc_column_text] En este vídeo os explicamos qué significa para nosotros esta iniciativa. [/vc_column_text][/vc_column_inner][vc_column_inner width=&#8221;1/6&#8243;][/vc_column_inner][/vc_row_inner][/vc_column][/vc_row][vc_row full_width=&#8221;stretch_row&#8221; css=&#8221;.vc_custom_1600369147747{padding-top: 100px !important;padding-bottom: 50px !important;background-color: #eeeeee !important;}&#8221;][vc_column][vc_row_inner css=&#8221;.vc_custom_1596010940180{background-position: center !important;background-repeat: no-repeat !important;background-size: cover !important;}&#8221;][vc_column_inner width=&#8221;1/4&#8243;][/vc_column_inner][vc_column_inner width=&#8221;1/2&#8243; css=&#8221;.vc_custom_1596010851005{background-position: center !important;background-repeat: no-repeat !important;background-size: cover !important;}&#8221;][vc_custom_heading text=&#8221;Conoce el día a día de la discapacidad&#8221; font_container=&#8221;tag:h2|text_align:center&#8221; use_theme_fonts=&#8221;yes&#8221; css_animation=&#8221;fadeIn&#8221;][vc_custom_heading text=&#8221;Estate al dia de Aspasim&#8221; font_container=&#8221;tag:h4|text_align:center&#8221; use_theme_fonts=&#8221;yes&#8221; css_animation=&#8221;fadeIn&#8221;][/vc_column_inner][vc_column_inner width=&#8221;1/4&#8243;][/vc_column_inner][/vc_row_inner][/vc_column][/vc_row][vc_row [&hellip;]
