{"version":"1.0","provider_name":"Aspasim","provider_url":"https:\/\/aspasim.es\/es","title":"Correm Junts - Aspasim","type":"rich","width":600,"height":338,"html":"<blockquote class=\"wp-embedded-content\" data-secret=\"OgDu0tstwD\"><a href=\"https:\/\/aspasim.es\/es\/comunidad\/correm-junts\">Correm Junts<\/a><\/blockquote><iframe sandbox=\"allow-scripts\" security=\"restricted\" src=\"https:\/\/aspasim.es\/es\/comunidad\/correm-junts\/embed#?secret=OgDu0tstwD\" width=\"600\" height=\"338\" title=\"\u00abCorrem Junts\u00bb \u2014 Aspasim\" data-secret=\"OgDu0tstwD\" frameborder=\"0\" marginwidth=\"0\" marginheight=\"0\" scrolling=\"no\" class=\"wp-embedded-content\"><\/iframe><script>\n\/*! This file is auto-generated *\/\n!function(d,l){\"use strict\";l.querySelector&&d.addEventListener&&\"undefined\"!=typeof URL&&(d.wp=d.wp||{},d.wp.receiveEmbedMessage||(d.wp.receiveEmbedMessage=function(e){var t=e.data;if((t||t.secret||t.message||t.value)&&!\/[^a-zA-Z0-9]\/.test(t.secret)){for(var s,r,n,a=l.querySelectorAll('iframe[data-secret=\"'+t.secret+'\"]'),o=l.querySelectorAll('blockquote[data-secret=\"'+t.secret+'\"]'),c=new RegExp(\"^https?:$\",\"i\"),i=0;i<o.length;i++)o[i].style.display=\"none\";for(i=0;i<a.length;i++)s=a[i],e.source===s.contentWindow&&(s.removeAttribute(\"style\"),\"height\"===t.message?(1e3<(r=parseInt(t.value,10))?r=1e3:~~r<200&&(r=200),s.height=r):\"link\"===t.message&&(r=new URL(s.getAttribute(\"src\")),n=new URL(t.value),c.test(n.protocol))&&n.host===r.host&&l.activeElement===s&&(d.top.location.href=t.value))}},d.addEventListener(\"message\",d.wp.receiveEmbedMessage,!1),l.addEventListener(\"DOMContentLoaded\",function(){for(var e,t,s=l.querySelectorAll(\"iframe.wp-embedded-content\"),r=0;r<s.length;r++)(t=(e=s[r]).getAttribute(\"data-secret\"))||(t=Math.random().toString(36).substring(2,12),e.src+=\"#?secret=\"+t,e.setAttribute(\"data-secret\",t)),e.contentWindow.postMessage({message:\"ready\",secret:t},\"*\")},!1)))}(window,document);\n\/\/# sourceURL=https:\/\/aspasim.es\/wp-includes\/js\/wp-embed.min.js\n<\/script>\n","thumbnail_url":"https:\/\/aspasim.es\/wp-content\/uploads\/2020\/07\/correm.jpg","thumbnail_width":1024,"thumbnail_height":285,"description":"[vc_row][vc_column width=&#8221;1\/6&#8243;][\/vc_column][vc_column width=&#8221;2\/3&#8243;][vc_empty_space][vc_column_text] \u00abCorrem Junts\u00bb es una carrera de una milla de distancia (1.609 metros) homologada por la Federaci\u00f3n Catalana de Atletisme, donde las personas con discapacitad est\u00e1n 100 % integradas, y participan con el resto de&nbsp; corredores del mismo sexo y franja de edad. [\/vc_column_text][\/vc_column][vc_column width=&#8221;1\/6&#8243;][\/vc_column][\/vc_row][vc_row][vc_column] [vc_empty_space] [\/vc_column][\/vc_row][vc_row][vc_column width=&#8221;1\/6&#8243;][\/vc_column][vc_column width=&#8221;2\/3&#8243;][vc_column_text] Se empez\u00f3 a celebrar el 2013 en el marco del 75 aniversario de la Fundaci\u00f3n Aspasim. Los beneficios se destinan \u00edntegramente a los proyectos de la Fundaci\u00f3n Aspasim de atenci\u00f3n a personas con&nbsp; discapacitad intelectual grave. Por eso, necesitamos personas, entidades, empresas, y instituciones que se impliquen en la producci\u00f3n del evento. [\/vc_column_text][vc_empty_space height=&#8221;20px&#8221;][\/vc_column][vc_column width=&#8221;1\/6&#8243;][\/vc_column][\/vc_row][vc_row][vc_column width=&#8221;1\/4&#8243;][\/vc_column][vc_column width=&#8221;1\/2&#8243;][vc_row_inner][vc_column_inner][vc_single_image image=&#8221;18160&#8243; img_size=&#8221;large&#8221; alignment=&#8221;center&#8221;][\/vc_column_inner][\/vc_row_inner][vc_empty_space height=&#8221;20px&#8221;][\/vc_column][vc_column width=&#8221;1\/4&#8243;][\/vc_column][\/vc_row][vc_row][vc_column width=&#8221;1\/6&#8243;][\/vc_column][vc_column width=&#8221;2\/3&#8243;][vc_empty_space height=&#8221;20px&#8221;][vc_column_text] La inscripci\u00f3n en la carrera \u00abCorrem Junts\u00bb puede ser individual o en equipos, siempre con la posibilidad de hacer la carrera acompa\u00f1ando una persona con discapacidad y haciendo una aportaci\u00f3n econ\u00f3mica para sus necesidades. Se trata de un d\u00eda en que la cohesi\u00f3n social se pone en el centre: familias, deportistas, entidades, y vecinos juntos para romper los estigmas que envuelven la discapacidad. Els Matins de TV3 se hace eco de la primera edici\u00f3n de esta carrera Informaci\u00f3n e inscripciones en&nbsp;http:\/\/corremjunts.org\/ [\/vc_column_text][\/vc_column][vc_column width=&#8221;1\/6&#8243;][\/vc_column][\/vc_row][vc_row][vc_column] [vc_empty_space] [&hellip;]"}

[vc_row][vc_column width=&#8221;1/6&#8243;][/vc_column][vc_column width=&#8221;2/3&#8243;][vc_empty_space][vc_column_text] «Correm Junts» es una carrera de una milla de distancia (1.609 metros) homologada por la Federación Catalana de Atletisme, donde las personas con discapacitad están 100 % integradas, y participan con el resto de&nbsp; corredores del mismo sexo y franja de edad. [/vc_column_text][/vc_column][vc_column width=&#8221;1/6&#8243;][/vc_column][/vc_row][vc_row][vc_column] [vc_empty_space] [/vc_column][/vc_row][vc_row][vc_column width=&#8221;1/6&#8243;][/vc_column][vc_column width=&#8221;2/3&#8243;][vc_column_text] Se empezó a celebrar el 2013 en el marco del 75 aniversario de la Fundación Aspasim. Los beneficios se destinan íntegramente a los proyectos de la Fundación Aspasim de atención a personas con&nbsp; discapacitad intelectual grave. Por eso, necesitamos personas, entidades, empresas, y instituciones que se impliquen en la producción del evento. [/vc_column_text][vc_empty_space height=&#8221;20px&#8221;][/vc_column][vc_column width=&#8221;1/6&#8243;][/vc_column][/vc_row][vc_row][vc_column width=&#8221;1/4&#8243;][/vc_column][vc_column width=&#8221;1/2&#8243;][vc_row_inner][vc_column_inner][vc_single_image image=&#8221;18160&#8243; img_size=&#8221;large&#8221; alignment=&#8221;center&#8221;][/vc_column_inner][/vc_row_inner][vc_empty_space height=&#8221;20px&#8221;][/vc_column][vc_column width=&#8221;1/4&#8243;][/vc_column][/vc_row][vc_row][vc_column width=&#8221;1/6&#8243;][/vc_column][vc_column width=&#8221;2/3&#8243;][vc_empty_space height=&#8221;20px&#8221;][vc_column_text] La inscripción en la carrera «Correm Junts» puede ser individual o en equipos, siempre con la posibilidad de hacer la carrera acompañando una persona con discapacidad y haciendo una aportación económica para sus necesidades. Se trata de un día en que la cohesión social se pone en el centre: familias, deportistas, entidades, y vecinos juntos para romper los estigmas que envuelven la discapacidad. Els Matins de TV3 se hace eco de la primera edición de esta carrera Información e inscripciones en&nbsp;http://corremjunts.org/ [/vc_column_text][/vc_column][vc_column width=&#8221;1/6&#8243;][/vc_column][/vc_row][vc_row][vc_column] [vc_empty_space] [&hellip;]
