{"version":"1.0","provider_name":"Aspasim","provider_url":"https:\/\/aspasim.es\/es","title":"Voluntariado corporativo - Aspasim","type":"rich","width":600,"height":338,"html":"<blockquote class=\"wp-embedded-content\" data-secret=\"Jv9LXIylsC\"><a href=\"https:\/\/aspasim.es\/es\/colabora\/empresas\/voluntariado-corporativo\">Voluntariado corporativo<\/a><\/blockquote><iframe sandbox=\"allow-scripts\" security=\"restricted\" src=\"https:\/\/aspasim.es\/es\/colabora\/empresas\/voluntariado-corporativo\/embed#?secret=Jv9LXIylsC\" width=\"600\" height=\"338\" title=\"\u00abVoluntariado corporativo\u00bb \u2014 Aspasim\" data-secret=\"Jv9LXIylsC\" frameborder=\"0\" marginwidth=\"0\" marginheight=\"0\" scrolling=\"no\" class=\"wp-embedded-content\"><\/iframe><script>\n\/*! This file is auto-generated *\/\n!function(d,l){\"use strict\";l.querySelector&&d.addEventListener&&\"undefined\"!=typeof URL&&(d.wp=d.wp||{},d.wp.receiveEmbedMessage||(d.wp.receiveEmbedMessage=function(e){var t=e.data;if((t||t.secret||t.message||t.value)&&!\/[^a-zA-Z0-9]\/.test(t.secret)){for(var s,r,n,a=l.querySelectorAll('iframe[data-secret=\"'+t.secret+'\"]'),o=l.querySelectorAll('blockquote[data-secret=\"'+t.secret+'\"]'),c=new RegExp(\"^https?:$\",\"i\"),i=0;i<o.length;i++)o[i].style.display=\"none\";for(i=0;i<a.length;i++)s=a[i],e.source===s.contentWindow&&(s.removeAttribute(\"style\"),\"height\"===t.message?(1e3<(r=parseInt(t.value,10))?r=1e3:~~r<200&&(r=200),s.height=r):\"link\"===t.message&&(r=new URL(s.getAttribute(\"src\")),n=new URL(t.value),c.test(n.protocol))&&n.host===r.host&&l.activeElement===s&&(d.top.location.href=t.value))}},d.addEventListener(\"message\",d.wp.receiveEmbedMessage,!1),l.addEventListener(\"DOMContentLoaded\",function(){for(var e,t,s=l.querySelectorAll(\"iframe.wp-embedded-content\"),r=0;r<s.length;r++)(t=(e=s[r]).getAttribute(\"data-secret\"))||(t=Math.random().toString(36).substring(2,12),e.src+=\"#?secret=\"+t,e.setAttribute(\"data-secret\",t)),e.contentWindow.postMessage({message:\"ready\",secret:t},\"*\")},!1)))}(window,document);\n\/\/# sourceURL=https:\/\/aspasim.es\/wp-includes\/js\/wp-embed.min.js\n<\/script>\n","thumbnail_url":"https:\/\/aspasim.es\/wp-content\/uploads\/2020\/09\/voluntariatcorpo.jpg","thumbnail_width":1024,"thumbnail_height":285,"description":"[vc_row][vc_column][vc_row_inner][vc_column_inner width=&#8221;1\/6&#8243;][\/vc_column_inner][vc_column_inner width=&#8221;2\/3&#8243;][vc_column_text] Vivid una jornada de implicaci\u00f3n comunitaria con personas con discapacidad intelectual grave. [\/vc_column_text][vc_empty_space][vc_column_text]Puede colaborar en la rehabilitaci\u00f3n de alguno de los espacios de los hogares o de los talleres, la optimizaci\u00f3n del huerto inclusivo y did\u00e1ctico al aire libre, o compartiendo una jornada de ocio con personas con discapacidad. En todos los casos, la organizaci\u00f3n comprometida se responsabiliza de los gastos de la actividad, mientras que la Fundaci\u00f3n Aspasim asume la coordinaci\u00f3n, y ofrece el personal de apoyo para que sea factible. Los voluntariados corporativos se adaptan a los intereses de la organizaci\u00f3n comprometida. Responda este formulario para concretar la propuesta que le interesa:[\/vc_column_text][vc_empty_space][\/vc_column_inner][vc_column_inner width=&#8221;1\/6&#8243;][\/vc_column_inner][\/vc_row_inner][\/vc_column][\/vc_row][vc_row][vc_column][vc_row_inner][vc_column_inner width=&#8221;1\/6&#8243;][\/vc_column_inner][vc_column_inner width=&#8221;2\/3&#8243;][\/vc_column_inner][vc_column_inner width=&#8221;1\/6&#8243;][\/vc_column_inner][\/vc_row_inner][\/vc_column][\/vc_row]"}

[vc_row][vc_column][vc_row_inner][vc_column_inner width=&#8221;1/6&#8243;][/vc_column_inner][vc_column_inner width=&#8221;2/3&#8243;][vc_column_text] Vivid una jornada de implicación comunitaria con personas con discapacidad intelectual grave. [/vc_column_text][vc_empty_space][vc_column_text]Puede colaborar en la rehabilitación de alguno de los espacios de los hogares o de los talleres, la optimización del huerto inclusivo y didáctico al aire libre, o compartiendo una jornada de ocio con personas con discapacidad. En todos los casos, la organización comprometida se responsabiliza de los gastos de la actividad, mientras que la Fundación Aspasim asume la coordinación, y ofrece el personal de apoyo para que sea factible. Los voluntariados corporativos se adaptan a los intereses de la organización comprometida. Responda este formulario para concretar la propuesta que le interesa:[/vc_column_text][vc_empty_space][/vc_column_inner][vc_column_inner width=&#8221;1/6&#8243;][/vc_column_inner][/vc_row_inner][/vc_column][/vc_row][vc_row][vc_column][vc_row_inner][vc_column_inner width=&#8221;1/6&#8243;][/vc_column_inner][vc_column_inner width=&#8221;2/3&#8243;][/vc_column_inner][vc_column_inner width=&#8221;1/6&#8243;][/vc_column_inner][/vc_row_inner][/vc_column][/vc_row]
