{"version":"1.0","provider_name":"Aspasim","provider_url":"https:\/\/aspasim.es\/es","title":"Nuestra historia - Aspasim","type":"rich","width":600,"height":338,"html":"<blockquote class=\"wp-embedded-content\" data-secret=\"gMpShDwAKG\"><a href=\"https:\/\/aspasim.es\/es\/aspasim\/nuestra-historia\">Nuestra historia<\/a><\/blockquote><iframe sandbox=\"allow-scripts\" security=\"restricted\" src=\"https:\/\/aspasim.es\/es\/aspasim\/nuestra-historia\/embed#?secret=gMpShDwAKG\" width=\"600\" height=\"338\" title=\"\u00abNuestra historia\u00bb \u2014 Aspasim\" data-secret=\"gMpShDwAKG\" frameborder=\"0\" marginwidth=\"0\" marginheight=\"0\" scrolling=\"no\" class=\"wp-embedded-content\"><\/iframe><script>\n\/*! This file is auto-generated *\/\n!function(d,l){\"use strict\";l.querySelector&&d.addEventListener&&\"undefined\"!=typeof URL&&(d.wp=d.wp||{},d.wp.receiveEmbedMessage||(d.wp.receiveEmbedMessage=function(e){var t=e.data;if((t||t.secret||t.message||t.value)&&!\/[^a-zA-Z0-9]\/.test(t.secret)){for(var s,r,n,a=l.querySelectorAll('iframe[data-secret=\"'+t.secret+'\"]'),o=l.querySelectorAll('blockquote[data-secret=\"'+t.secret+'\"]'),c=new RegExp(\"^https?:$\",\"i\"),i=0;i<o.length;i++)o[i].style.display=\"none\";for(i=0;i<a.length;i++)s=a[i],e.source===s.contentWindow&&(s.removeAttribute(\"style\"),\"height\"===t.message?(1e3<(r=parseInt(t.value,10))?r=1e3:~~r<200&&(r=200),s.height=r):\"link\"===t.message&&(r=new URL(s.getAttribute(\"src\")),n=new URL(t.value),c.test(n.protocol))&&n.host===r.host&&l.activeElement===s&&(d.top.location.href=t.value))}},d.addEventListener(\"message\",d.wp.receiveEmbedMessage,!1),l.addEventListener(\"DOMContentLoaded\",function(){for(var e,t,s=l.querySelectorAll(\"iframe.wp-embedded-content\"),r=0;r<s.length;r++)(t=(e=s[r]).getAttribute(\"data-secret\"))||(t=Math.random().toString(36).substring(2,12),e.src+=\"#?secret=\"+t,e.setAttribute(\"data-secret\",t)),e.contentWindow.postMessage({message:\"ready\",secret:t},\"*\")},!1)))}(window,document);\n\/\/# sourceURL=https:\/\/aspasim.es\/wp-includes\/js\/wp-embed.min.js\n<\/script>\n","thumbnail_url":"https:\/\/aspasim.es\/wp-content\/uploads\/2020\/07\/historia.jpg","thumbnail_width":1024,"thumbnail_height":285,"description":"[vc_row][vc_column][vc_row_inner][vc_column_inner][vc_empty_space][\/vc_column_inner][\/vc_row_inner][vc_row_inner][vc_column_inner width=&#8221;1\/6&#8243;][\/vc_column_inner][vc_column_inner width=&#8221;2\/3&#8243;][vc_column_text] Cada persona que ha pasado por Aspasim forma parte del alma de la entidad. Personas que atendemos, profesionales, voluntarios, familiares&#8230; centenares de historias forman la historia de Aspasim [\/vc_column_text][\/vc_column_inner][vc_column_inner width=&#8221;1\/6&#8243;][\/vc_column_inner][\/vc_row_inner][vc_empty_space][vc_row_inner][vc_column_inner width=&#8221;1\/6&#8243;][\/vc_column_inner][vc_column_inner width=&#8221;2\/3&#8243;][vc_column_text]En 1938 Mar\u00eda Mullerat, maestra pionera en el trabajo con personas con discapacidad, recibi\u00f3 el encargo por parte de la Regidora de Cultura del Ayuntamiento de Barcelona de detectar &#8220;las alteraciones de los escolares en las escuelas municipales y grupos escolares de Barcelona&#8221;. Poco despu\u00e9s conocer\u00eda a Vicenta Verd\u00fa, pedagoga especializada en dificultades del aprendizaje, con quien impart\u00edan clases de refuerzo educativo a un grupo de ni\u00f1os con necesidades educativas especiales, para poder integrarlos de nuevo a las escuelas ordinarias.[\/vc_column_text][\/vc_column_inner][vc_column_inner width=&#8221;1\/6&#8243;][\/vc_column_inner][\/vc_row_inner][vc_row_inner][vc_column_inner][vc_empty_space height=&#8221;16px&#8221;][\/vc_column_inner][\/vc_row_inner][vc_row_inner][vc_column_inner width=&#8221;1\/4&#8243;][\/vc_column_inner][vc_column_inner width=&#8221;1\/2&#8243;][vc_single_image image=&#8221;21224&#8243; img_size=&#8221;large&#8221; alignment=&#8221;center&#8221;][\/vc_column_inner][vc_column_inner width=&#8221;1\/4&#8243;][\/vc_column_inner][\/vc_row_inner][vc_row_inner][vc_column_inner][vc_empty_space][\/vc_column_inner][\/vc_row_inner][\/vc_column][\/vc_row][vc_row full_width=&#8221;stretch_row&#8221;][vc_column width=&#8221;1\/6&#8243;][\/vc_column][vc_column width=&#8221;2\/3&#8243;][vc_column_text]Especializadas en la aplicaci\u00f3n de pedagog\u00edas activas de los m\u00e9todos Montessori, Decroly y Fr\u00f6bel y rodeadas de otros profesionales como doctores, pedagogas, maestros &#8230; formalizaron su actividad en crear en 1963 la Instituci\u00f3n Mullerat, autorizada como escuela de primaria, y el 1969 la Asociaci\u00f3n de padres para ni\u00f1os con disminuci\u00f3n ps\u00edquica, actualmente ASPASIM, atenci\u00f3n a la discapacidad ps\u00edquica.[\/vc_column_text][vc_column_text]Desde aquel momento la entidad ha sumado proyectos para garantizar la atenci\u00f3n integral y a lo largo de la [&hellip;]"}

[vc_row][vc_column][vc_row_inner][vc_column_inner][vc_empty_space][/vc_column_inner][/vc_row_inner][vc_row_inner][vc_column_inner width=&#8221;1/6&#8243;][/vc_column_inner][vc_column_inner width=&#8221;2/3&#8243;][vc_column_text] Cada persona que ha pasado por Aspasim forma parte del alma de la entidad. Personas que atendemos, profesionales, voluntarios, familiares&#8230; centenares de historias forman la historia de Aspasim [/vc_column_text][/vc_column_inner][vc_column_inner width=&#8221;1/6&#8243;][/vc_column_inner][/vc_row_inner][vc_empty_space][vc_row_inner][vc_column_inner width=&#8221;1/6&#8243;][/vc_column_inner][vc_column_inner width=&#8221;2/3&#8243;][vc_column_text]En 1938 María Mullerat, maestra pionera en el trabajo con personas con discapacidad, recibió el encargo por parte de la Regidora de Cultura del Ayuntamiento de Barcelona de detectar &#8220;las alteraciones de los escolares en las escuelas municipales y grupos escolares de Barcelona&#8221;. Poco después conocería a Vicenta Verdú, pedagoga especializada en dificultades del aprendizaje, con quien impartían clases de refuerzo educativo a un grupo de niños con necesidades educativas especiales, para poder integrarlos de nuevo a las escuelas ordinarias.[/vc_column_text][/vc_column_inner][vc_column_inner width=&#8221;1/6&#8243;][/vc_column_inner][/vc_row_inner][vc_row_inner][vc_column_inner][vc_empty_space height=&#8221;16px&#8221;][/vc_column_inner][/vc_row_inner][vc_row_inner][vc_column_inner width=&#8221;1/4&#8243;][/vc_column_inner][vc_column_inner width=&#8221;1/2&#8243;][vc_single_image image=&#8221;21224&#8243; img_size=&#8221;large&#8221; alignment=&#8221;center&#8221;][/vc_column_inner][vc_column_inner width=&#8221;1/4&#8243;][/vc_column_inner][/vc_row_inner][vc_row_inner][vc_column_inner][vc_empty_space][/vc_column_inner][/vc_row_inner][/vc_column][/vc_row][vc_row full_width=&#8221;stretch_row&#8221;][vc_column width=&#8221;1/6&#8243;][/vc_column][vc_column width=&#8221;2/3&#8243;][vc_column_text]Especializadas en la aplicación de pedagogías activas de los métodos Montessori, Decroly y Fröbel y rodeadas de otros profesionales como doctores, pedagogas, maestros &#8230; formalizaron su actividad en crear en 1963 la Institución Mullerat, autorizada como escuela de primaria, y el 1969 la Asociación de padres para niños con disminución psíquica, actualmente ASPASIM, atención a la discapacidad psíquica.[/vc_column_text][vc_column_text]Desde aquel momento la entidad ha sumado proyectos para garantizar la atención integral y a lo largo de la [&hellip;]
