{"version":"1.0","provider_name":"Aspasim","provider_url":"https:\/\/aspasim.es\/es","title":"Medios de comunicaci\u00f3n - Aspasim","type":"rich","width":600,"height":338,"html":"<blockquote class=\"wp-embedded-content\" data-secret=\"S91m3um61C\"><a href=\"https:\/\/aspasim.es\/es\/aspasim\/medios-de-comunicacion\">Medios de comunicaci\u00f3n<\/a><\/blockquote><iframe sandbox=\"allow-scripts\" security=\"restricted\" src=\"https:\/\/aspasim.es\/es\/aspasim\/medios-de-comunicacion\/embed#?secret=S91m3um61C\" width=\"600\" height=\"338\" title=\"\u00abMedios de comunicaci\u00f3n\u00bb \u2014 Aspasim\" data-secret=\"S91m3um61C\" frameborder=\"0\" marginwidth=\"0\" marginheight=\"0\" scrolling=\"no\" class=\"wp-embedded-content\"><\/iframe><script>\n\/*! This file is auto-generated *\/\n!function(d,l){\"use strict\";l.querySelector&&d.addEventListener&&\"undefined\"!=typeof URL&&(d.wp=d.wp||{},d.wp.receiveEmbedMessage||(d.wp.receiveEmbedMessage=function(e){var t=e.data;if((t||t.secret||t.message||t.value)&&!\/[^a-zA-Z0-9]\/.test(t.secret)){for(var s,r,n,a=l.querySelectorAll('iframe[data-secret=\"'+t.secret+'\"]'),o=l.querySelectorAll('blockquote[data-secret=\"'+t.secret+'\"]'),c=new RegExp(\"^https?:$\",\"i\"),i=0;i<o.length;i++)o[i].style.display=\"none\";for(i=0;i<a.length;i++)s=a[i],e.source===s.contentWindow&&(s.removeAttribute(\"style\"),\"height\"===t.message?(1e3<(r=parseInt(t.value,10))?r=1e3:~~r<200&&(r=200),s.height=r):\"link\"===t.message&&(r=new URL(s.getAttribute(\"src\")),n=new URL(t.value),c.test(n.protocol))&&n.host===r.host&&l.activeElement===s&&(d.top.location.href=t.value))}},d.addEventListener(\"message\",d.wp.receiveEmbedMessage,!1),l.addEventListener(\"DOMContentLoaded\",function(){for(var e,t,s=l.querySelectorAll(\"iframe.wp-embedded-content\"),r=0;r<s.length;r++)(t=(e=s[r]).getAttribute(\"data-secret\"))||(t=Math.random().toString(36).substring(2,12),e.src+=\"#?secret=\"+t,e.setAttribute(\"data-secret\",t)),e.contentWindow.postMessage({message:\"ready\",secret:t},\"*\")},!1)))}(window,document);\n\/\/# sourceURL=https:\/\/aspasim.es\/wp-includes\/js\/wp-embed.min.js\n<\/script>\n","thumbnail_url":"https:\/\/aspasim.es\/wp-content\/uploads\/2020\/07\/mitjans.jpg","thumbnail_width":1024,"thumbnail_height":285,"description":"[vc_row css=&#8221;.vc_custom_1597614371586{padding-bottom: 50px !important;}&#8221;][vc_column width=&#8221;1\/6&#8243;][\/vc_column][vc_column width=&#8221;2\/3&#8243;][vc_row_inner css=&#8221;.vc_custom_1596826782396{padding-top: 10px !important;}&#8221;][vc_column_inner][vc_column_text css=&#8221;.vc_custom_1597614310472{padding-bottom: 50px !important;}&#8221;] Sensibilizar a la ciudadan\u00eda es un elemento clave para la inclusi\u00f3n. As\u00ed, en Aspasim procuramos explicar a los medios de comunicaci\u00f3n nuestra actividad y su sentido, para que nos ayuden a hacer de altavoz de la riqueza de la diversidad y la importancia de la cohesi\u00f3n social. [\/vc_column_text][vc_column_text css=&#8221;.vc_custom_1597614323772{padding-bottom: 50px !important;}&#8221;] Compartimos algunas de las apariciones en medios de comunicaci\u00f3n. [\/vc_column_text][vc_empty_space][vc_text_separator title=&#8221;&#8221; title_align=&#8221;separator_align_left&#8221; color=&#8221;black&#8221;][vc_empty_space height=&#8221;16px&#8221;][vc_column_text] Planta Baja TV3 [\/vc_column_text][vc_column_text]Aspasim denuncia de la deuda de 172.000 euros de la DGAIA[\/vc_column_text][vc_empty_space height=&#8221;10px&#8221;][vc_text_separator title=&#8221;&#8221; title_align=&#8221;separator_align_left&#8221; color=&#8221;black&#8221;][vc_empty_space height=&#8221;16px&#8221;][vc_column_text] TVE Informativo [\/vc_column_text][vc_column_text]Las entidades denuncian una situaci\u00f3n cr\u00edtica en hogares y pisos tutelados.[\/vc_column_text][vc_empty_space height=&#8221;10px&#8221;][vc_text_separator title=&#8221;&#8221; title_align=&#8221;separator_align_left&#8221; color=&#8221;black&#8221;][vc_empty_space height=&#8221;16px&#8221;][vc_column_text] Diario.es [\/vc_column_text][vc_column_text]&#8220;Bienvenido a casa, Iker&#8221;: un ni\u00f1o de 9 a\u00f1os tutelado y con discapacidad sale del hospital tras superar la COVID-19[\/vc_column_text][vc_empty_space height=&#8221;10px&#8221;][vc_text_separator title=&#8221;&#8221; title_align=&#8221;separator_align_left&#8221; color=&#8221;black&#8221;][vc_empty_space height=&#8221;16px&#8221;][vc_column_text] La Vanguardia [\/vc_column_text][vc_column_text]Aspasim considera que la ley Cel\u00e1a no busca cerrar centros de educaci\u00f3n especial[\/vc_column_text][vc_empty_space height=&#8221;10px&#8221;][vc_text_separator title=&#8221;&#8221; title_align=&#8221;separator_align_left&#8221; color=&#8221;black&#8221;][vc_empty_space height=&#8221;16px&#8221;][vc_column_text] Telenoticias TV3 [\/vc_column_text][vc_column_text]Normag, primer gigante con discapacidad intelectual de Catalu\u00f1a[\/vc_column_text][vc_empty_space height=&#8221;10px&#8221;][vc_text_separator title=&#8221;&#8221; title_align=&#8221;separator_align_left&#8221; color=&#8221;black&#8221;][vc_empty_space height=&#8221;16px&#8221;][vc_column_text] RTVE &#8211; Radio 4 [\/vc_column_text][vc_column_text]M\u00e1s que deporte, s\u00e9ptima edici\u00f3n de &#8216;correm junts&#8217;[\/vc_column_text][vc_empty_space height=&#8221;10px&#8221;][vc_text_separator title=&#8221;&#8221; title_align=&#8221;separator_align_left&#8221; color=&#8221;black&#8221;][vc_empty_space height=&#8221;16px&#8221;][vc_column_text] Betev\u00e9 [\/vc_column_text][vc_column_text]Sentit, la nueva marca de productos de [&hellip;]"}

Medios de comunicación - Aspasim

<blockquote class="wp-embedded-content" data-secret="S91m3um61C"><a href="https://aspasim.es/es/aspasim/medios-de-comunicacion">Medios de comunicación</a></blockquote><iframe sandbox="allow-scripts" security="restricted" src="https://aspasim.es/es/aspasim/medios-de-comunicacion/embed#?secret=S91m3um61C" width="600" height="338" title="«Medios de comunicación» — Aspasim" data-secret="S91m3um61C" frameborder="0" marginwidth="0" marginheight="0" scrolling="no" class="wp-embedded-content"></iframe><script>
/*! This file is auto-generated */
!function(d,l){"use strict";l.querySelector&&d.addEventListener&&"undefined"!=typeof URL&&(d.wp=d.wp||{},d.wp.receiveEmbedMessage||(d.wp.receiveEmbedMessage=function(e){var t=e.data;if((t||t.secret||t.message||t.value)&&!/[^a-zA-Z0-9]/.test(t.secret)){for(var s,r,n,a=l.querySelectorAll('iframe[data-secret="'+t.secret+'"]'),o=l.querySelectorAll('blockquote[data-secret="'+t.secret+'"]'),c=new RegExp("^https?:$","i"),i=0;i<o.length;i++)o[i].style.display="none";for(i=0;i<a.length;i++)s=a[i],e.source===s.contentWindow&&(s.removeAttribute("style"),"height"===t.message?(1e3<(r=parseInt(t.value,10))?r=1e3:~~r<200&&(r=200),s.height=r):"link"===t.message&&(r=new URL(s.getAttribute("src")),n=new URL(t.value),c.test(n.protocol))&&n.host===r.host&&l.activeElement===s&&(d.top.location.href=t.value))}},d.addEventListener("message",d.wp.receiveEmbedMessage,!1),l.addEventListener("DOMContentLoaded",function(){for(var e,t,s=l.querySelectorAll("iframe.wp-embedded-content"),r=0;r<s.length;r++)(t=(e=s[r]).getAttribute("data-secret"))||(t=Math.random().toString(36).substring(2,12),e.src+="#?secret="+t,e.setAttribute("data-secret",t)),e.contentWindow.postMessage({message:"ready",secret:t},"*")},!1)))}(window,document);
//# sourceURL=https://aspasim.es/wp-includes/js/wp-embed.min.js
</script>

[vc_row css=&#8221;.vc_custom_1597614371586{padding-bottom: 50px !important;}&#8221;][vc_column width=&#8221;1/6&#8243;][/vc_column][vc_column width=&#8221;2/3&#8243;][vc_row_inner css=&#8221;.vc_custom_1596826782396{padding-top: 10px !important;}&#8221;][vc_column_inner][vc_column_text css=&#8221;.vc_custom_1597614310472{padding-bottom: 50px !important;}&#8221;] Sensibilizar a la ciudadanía es un elemento clave para la inclusión. Así, en Aspasim procuramos explicar a los medios de comunicación nuestra actividad y su sentido, para que nos ayuden a hacer de altavoz de la riqueza de la diversidad y la importancia de la cohesión social. [/vc_column_text][vc_column_text css=&#8221;.vc_custom_1597614323772{padding-bottom: 50px !important;}&#8221;] Compartimos algunas de las apariciones en medios de comunicación. [/vc_column_text][vc_empty_space][vc_text_separator title=&#8221;&#8221; title_align=&#8221;separator_align_left&#8221; color=&#8221;black&#8221;][vc_empty_space height=&#8221;16px&#8221;][vc_column_text] Planta Baja TV3 [/vc_column_text][vc_column_text]Aspasim denuncia de la deuda de 172.000 euros de la DGAIA[/vc_column_text][vc_empty_space height=&#8221;10px&#8221;][vc_text_separator title=&#8221;&#8221; title_align=&#8221;separator_align_left&#8221; color=&#8221;black&#8221;][vc_empty_space height=&#8221;16px&#8221;][vc_column_text] TVE Informativo [/vc_column_text][vc_column_text]Las entidades denuncian una situación crítica en hogares y pisos tutelados.[/vc_column_text][vc_empty_space height=&#8221;10px&#8221;][vc_text_separator title=&#8221;&#8221; title_align=&#8221;separator_align_left&#8221; color=&#8221;black&#8221;][vc_empty_space height=&#8221;16px&#8221;][vc_column_text] Diario.es [/vc_column_text][vc_column_text]&#8220;Bienvenido a casa, Iker&#8221;: un niño de 9 años tutelado y con discapacidad sale del hospital tras superar la COVID-19[/vc_column_text][vc_empty_space height=&#8221;10px&#8221;][vc_text_separator title=&#8221;&#8221; title_align=&#8221;separator_align_left&#8221; color=&#8221;black&#8221;][vc_empty_space height=&#8221;16px&#8221;][vc_column_text] La Vanguardia [/vc_column_text][vc_column_text]Aspasim considera que la ley Celáa no busca cerrar centros de educación especial[/vc_column_text][vc_empty_space height=&#8221;10px&#8221;][vc_text_separator title=&#8221;&#8221; title_align=&#8221;separator_align_left&#8221; color=&#8221;black&#8221;][vc_empty_space height=&#8221;16px&#8221;][vc_column_text] Telenoticias TV3 [/vc_column_text][vc_column_text]Normag, primer gigante con discapacidad intelectual de Cataluña[/vc_column_text][vc_empty_space height=&#8221;10px&#8221;][vc_text_separator title=&#8221;&#8221; title_align=&#8221;separator_align_left&#8221; color=&#8221;black&#8221;][vc_empty_space height=&#8221;16px&#8221;][vc_column_text] RTVE &#8211; Radio 4 [/vc_column_text][vc_column_text]Más que deporte, séptima edición de &#8216;correm junts&#8217;[/vc_column_text][vc_empty_space height=&#8221;10px&#8221;][vc_text_separator title=&#8221;&#8221; title_align=&#8221;separator_align_left&#8221; color=&#8221;black&#8221;][vc_empty_space height=&#8221;16px&#8221;][vc_column_text] Betevé [/vc_column_text][vc_column_text]Sentit, la nueva marca de productos de [&hellip;]
